{"id":2,"date":"2014-04-09T04:46:32","date_gmt":"2014-04-09T04:46:32","guid":{"rendered":"http:\/\/localhost\/wordpress-3.8.2\/wordpress\/?page_id=2"},"modified":"2014-06-26T19:33:40","modified_gmt":"2014-06-26T19:33:40","slug":"sample-page","status":"publish","type":"page","link":"http:\/\/transition-potsdam.de\/?page_id=2","title":{"rendered":"Initiativen-Karte"},"content":{"rendered":"<p>[geo_mashup_map]<\/p>\n<p>Mit diesem Karten-Projekt m\u00f6chten wir beispielhafte, <strong>nachhaltige und emanzipatorische Projekte<\/strong> in Potsdam f\u00fcr noch mehr Menschen sicht- und erlebbar machen.<\/p>\n<p>Klickt oben auf die Markierungen in der Karte f\u00fcr mehr <strong>Infos<\/strong> oder nutzt die Reiter oben um Initiativen mit bestimmen thematischen Schwerpunkten zu sehen.<\/p>\n<p>Falls ihr <strong>Ideen<\/strong> zum Kartenprojekt habt oder weitere Initiativen kennt, die auf der Karte nicht fehlen sollten, schreibt uns gerne \u00fcber transition-potsdam (at) mail.asta.uni-potsdam.de.<\/p>\n","protected":false},"excerpt":{"rendered":"<p>[geo_mashup_map] Mit diesem Karten-Projekt m\u00f6chten wir beispielhafte, nachhaltige und emanzipatorische Projekte in Potsdam f\u00fcr noch mehr Menschen sicht- und erlebbar machen. Klickt oben auf die Markierungen in der Karte f\u00fcr mehr Infos oder nutzt die Reiter oben um Initiativen mit bestimmen thematischen Schwerpunkten zu sehen. Falls ihr Ideen zum Kartenprojekt habt oder weitere Initiativen kennt, [&hellip;]<\/p>\n","protected":false},"author":1,"featured_media":0,"parent":0,"menu_order":0,"comment_status":"closed","ping_status":"closed","template":"","meta":{"footnotes":""},"class_list":["post-2","page","type-page","status-publish","hentry"],"_links":{"self":[{"href":"http:\/\/transition-potsdam.de\/index.php?rest_route=\/wp\/v2\/pages\/2","targetHints":{"allow":["GET"]}}],"collection":[{"href":"http:\/\/transition-potsdam.de\/index.php?rest_route=\/wp\/v2\/pages"}],"about":[{"href":"http:\/\/transition-potsdam.de\/index.php?rest_route=\/wp\/v2\/types\/page"}],"author":[{"embeddable":true,"href":"http:\/\/transition-potsdam.de\/index.php?rest_route=\/wp\/v2\/users\/1"}],"replies":[{"embeddable":true,"href":"http:\/\/transition-potsdam.de\/index.php?rest_route=%2Fwp%2Fv2%2Fcomments&post=2"}],"version-history":[{"count":6,"href":"http:\/\/transition-potsdam.de\/index.php?rest_route=\/wp\/v2\/pages\/2\/revisions"}],"predecessor-version":[{"id":27,"href":"http:\/\/transition-potsdam.de\/index.php?rest_route=\/wp\/v2\/pages\/2\/revisions\/27"}],"wp:attachment":[{"href":"http:\/\/transition-potsdam.de\/index.php?rest_route=%2Fwp%2Fv2%2Fmedia&parent=2"}],"curies":[{"name":"wp","href":"https:\/\/api.w.org\/{rel}","templated":true}]}}